).
-3
Let g be -1 + 0 + 2 - -2. Let p(u) = u**2 - 7*u. Let d be p(6). Let q(l) = -l. Let i(f) = 4*f + 4. Let y(o) = d*q(o) - i(o). Calculate y(g).
2
Let y be 1*((-2)/(-12) + 22/12). Let f(r) = 2*r**2 - r + 1. What is f(y)?
7
Let w(j) = j + 5. Let s(c) = c + 6. Let g(b) = -2*s(b) + 3*w(b). Let d be (-226)/7 - 4/(-14). Let n be (-2)/(-8) + 200/d. Give g(n).
-3
Let w(c) = 10*c - 13. Let o(l) = 5*l - 6. Let i(r) = -7*o(r) + 3*w(r). Calculate i(2).
-7
Let i(n) = 5*n + n**3 + 2*n**2 - 5 - 6*n + 2*n**2. Let d(y) = -y**3 - 5*y**2 - 4. Let c be d(-5). What is i(c)?
-1
Let i(q) be the third derivative of q**4/24 - q**3/3 - 17*q**2 - q. What is i(3)?
1
Let k(i) = i**2 - 5*i - 8. Suppose 5*v - 1 + 0 = -4*a, 2*v - 4 = -a. Let p(d) = d**2 - 6*d - 9. Let b(t) = a*p(t) + 7*k(t). Calculate b(-2).
0
Let k(l) = 3 + 2*l**2 + 5 - 3*l**2 + 2*l - 6*l. Let f(u) = -u**2 - 3*u + 7. Let z(a) = 5*f(a) - 4*k(a). Calculate z(-3).
-9
Let l(d) = d + 1. Let p(c) = -c - 7. Suppose -4*x + 1 = 5*w, x = 3*w - 5*w - 2. Let r be p(w). Let k be l(r). Let m(i) = -i**3 - 4*i**2 - i + 4. Determine m(k).
-2
Suppose 3*i + 9 = 5*d, 4*d + i - 4*i - 9 = 0. Let l = d - 7. Let q(p) = p**2 + 8*p + 3. Calculate q(l).
-4
Let o(k) = -k**2 + 4*k + 6. Let w(s) = 1. Let q(v) = o(v) - 3*w(v). Let u be 1/4 + 22/8. Suppose -2*j + 0*h = -h - 10, 2*j = -u*h - 6. Calculate q(j).
6
Let y(z) = -z**2 + 5*z. Let f(w) = -w**3 + 6 - 2 - 3 + 9*w**2 + 4. Suppose 0*b + b - 9 = 0. Let a be f(b). Give y(a).
0
Let s(p) = p**2 + 3. Let z(m) = -m. Let f be z(0). Let d be s(f). Let a(b) = 2*b + d*b + b + 0*b. Determine a(1).
6
Suppose -19 = 2*c + 17. Let a = c + 20. Let j(u) = -2*u**3 - u**3 + 2*u + 2*u**3 - 1 + 4*u**2. Determine j(a).
11
Let x(k) = 3*k**3 + 3*k**2 + 6*k + 4. Let r(a) = 7*a**3 + 5*a**2 + 13*a + 9. Let d(g) = -2*r(g) + 5*x(g). Give d(-3).
8
Let n(a) = a + 11. Let v be n(-7). Suppose 2*l - 5 = -3*l, -5*l = v*h + 7. Let q(x) = x**3 + 5*x**2 + x - 3. Give q(h).
12
Let s(y) be the second derivative of y**4/12 + y**3/3 + 5*y. Calculate s(-2).
0
Suppose 0 = 3*j + 2*j - 15. Let g(y) = -y**3 + 4*y**2 + 2*y - 3. What is g(j)?
12
Let a(r) be the second derivative of -r**5/20 + r**4/2 - 2*r**3/3 - r**2/2 - 8*r + 2. Determine a(5).
4
Let x(v) = -4 + 3 + 4*v + 0 - 8*v. Calculate x(-2).
7
Let h(o) = -6*o**3 + 4*o**2 - 9*o + 1. Let m(f) = -7*f**3 + 3*f**2 - 9*f. Let y(s) = -6*h(s) + 5*m(s). Calculate y(8).
2
Let t(b) be the first derivative of b**4/4 + b**3/3 - 3*b**2/2 - 2*b - 1. Let c(w) = w**2 + w - 2. Suppose -4*m = -2*m. Let g be c(m). What is t(g)?
0
Let t(d) = d - 1. Let h(a) = -a**3 + 4*a**2 - 2*a + 2. Let l be h(3). Calculate t(l).
4
Let h(q) = -q + 7. Suppose p = -2 + 8. Determine h(p).
1
Let o(w) = w**3 + 5*w**2 - 6*w - 4. Let s be o(-6). Let r(q) be the first derivative of -1/2*q**2 - 1/4*q**4 - 4/3*q**3 - 4 - q. Determine r(s).
3
Let k(g) = -9*g + 3. Let p be ((-4)/5)/((-6)/15). What is k(p)?
-15
Let u(l) = l. Let r = -3 + 2. Let z be u(r). Let c(b) = -5*b + 1. Give c(z).
6
Let o(j) = j**2 + 8*j + 9. Let s be o(-7). Let q(t) = 1 + 2*t**2 + 2*t + 0*t**2 - s. Let w = -17 - -15. What is q(w)?
3
Let y be (-468)/(-21) + 6/(-21). Suppose 0 = b - 3*b + y. Let a(k) = -k**3 + 11*k**2 + k - 14. Let g be a(b). Let x(o) = 2*o + 2. Calculate x(g).
-4
Let o(z) be the first derivative of 1/2*z**2 + 5 + 4*z. Determine o(0).
4
Let f(b) = 3*b - 4. Let v(t) = 5*t**2 - t - 1. Let n be v(-1). Let u(w) = 8*w - 12. Let q(y) = n*u(y) - 14*f(y). Calculate q(3).
-10
Let f(r) = -r + 0*r - 10 + 3*r. Let i be f(7). Let o(l) = 2*l**2 + 4*l - 1. Let j(p) = -3*p**2 - 4*p. Let g(w) = 3*j(w) + 4*o(w). Calculate g(i).
-4
Let u(j) be the first derivative of -4*j + 4. Let z(s) = s**2 + 1. Let m(p) = u(p) + 4*z(p). Determine m(1).
4
Suppose -18 = -0*d + 3*d. Let f(v) = v**3 + 7*v**2 + 6*v + 8. Determine f(d).
8
Let h = 1 + 1. Let r(c) = h + c + 3 - 1. Let d = -3 + -3. Determine r(d).
-2
Let w = 5 - 4. Let f(i) = w - 5*i - 8*i**2 + 4*i + 7*i**2. Calculate f(1).
-1
Let q(r) = -2*r**2 - 13*r - 12. Let g(y) = 3*y**2 + 20*y + 18. Let w(u) = -5*g(u) - 8*q(u). Determine w(-4).
6
Let w be (-5)/2*((-6)/15 - 2). Let z(v) = v**2 - 4*v - 1. Calculate z(w).
11
Let v(z) = z**2 + 8*z - 6. Let r(d) = -3*d**2 + 12*d - 8. Let p be r(4). What is v(p)?
-6
Let o(z) be the third derivative of z**6/120 + z**5/15 - z**4/12 - z**3/6 + 24*z**2. What is o(-4)?
7
Suppose 0 = -4*b + b - 24. Let d(j) = j**3 + 8*j**2 - j - 8. Let s be d(b). Let t(l) = -2*l - 11. Let z(c) = c + 5. Let x(n) = -2*t(n) - 5*z(n). What is x(s)?
-3
Suppose -4 + 16 = -2*c + 4*l, -4*l + 12 = 4*c. Let q(x) = -x**2 - 5. What is q(c)?
-5
Let y(x) = x**2 + 5*x + 3. Let w be y(-4). Let p be (0 - w/(-1)) + 1. Let h(c) = -c + 6. Calculate h(p).
6
Let m(r) = -3*r**3 + 5*r**2 + 7*r - 5. Let b(f) = 7*f**3 - 10*f**2 - 14*f + 10. Let z(a) = 2*b(a) + 5*m(a). Calculate z(6).
1
Suppose -3*t + 16 = t. Let q(g) = -g + 5. What is q(t)?
1
Let r(p) = 3*p**2 + p + 18 - 3*p**2 + 0*p - p**2. What is r(0)?
18
Let q(y) = -6*y**2 + 20*y + 15. Let t(b) = -2*b**2 + 7*b + 5. Let h(z) = 4*q(z) - 11*t(z). Determine h(4).
-15
Let n be 6/(-4)*8/3. Let t(g) be the second derivative of -g**4/12 - g**3/3 + 14*g. Calculate t(n).
-8
Let z(t) = t + 17. Let k be z(-14). Let a(c) = k*c + 0*c + 0*c + 0*c. Determine a(-2).
-6
Suppose -5*a + 4*a + 4*v = 29, 0 = -2*a - 5*v - 32. Let w = a - -23. Let g(n) = n**3 - n**2 - n + 2. Give g(w).
4
Let s = 0 + 6. Let h(y) = -6*y**3 - 6*y**2 - 8*y + 8. Let l(w) = -5*w**3 - 6*w**2 - 7*w + 7. Let d(g) = 6*h(g) - 7*l(g). Calculate d(s).
5
Let f(j) = 6*j**3 + j**2 - j + 1. Let k be 0*1/(-3) - -1. Calculate f(k).
7
Let w(m) = m**3 + 7*m**2 - 8*m + 1. Suppose -2*f = -l - 3*f - 9, 4*f - 4 = l. Let r be w(l). Let v(a) = -6*a**2 + a - 1. Calculate v(r).
-6
Suppose 4*m - 3 = 13. Suppose y + y = 2*b + 20, 0 = m*b + 4*y. Let k(d) = d**3 + 4*d**2 - 5*d + 6. Give k(b).
6
Suppose -3*h + 5*j - 6 = j, -2*h - j = 4. Let a(o) = -4*o**3 + 2*o**2 - 2*o. Let k(p) = -3*p**3 + 2*p**2 - p. Let n(s) = h*a(s) + 3*k(s). Determine n(3).
-6
Let k(s) = s**2 + 51 - 24 + s - 20 + 0*s. Give k(0).
7
Let c(l) = -l - 1. Let b be 13*(0 - (-1)/(-1)). Let f = 12 + b. Determine c(f).
0
Let g(x) = x - 1. Let i(j) = -j + 5. Let d(p) = 2*g(p) + i(p). Let b be d(-5). Let c be (-2)/((b - 0) + 4). Let m(u) = 6*u**2 + 2*u + 1. Give m(c).
5
Let n(t) be the third derivative of t**5/60 - 11*t**4/24 + t**3 + 11*t**2. What is n(10)?
-4
Let r = 73 - 77. Let x(h) = h**2 + 8*h + 3. What is x(r)?
-13
Suppose 0 = 4*h - 12, 2*h - 32 = 4*p - 2*h. Let n(f) = -f**3 - 5*f**2 + 3*f + 1. Calculate n(p).
-14
Let y(g) = -g**3 - 7*g**2 + 8*g - 6. Suppose 16 = 7*f - 9*f. Give y(f).
-6
Let x be -2*1*(-3)/6. Let u be x*-2*10/4. Let i(a) = -a - 5. Determine i(u).
0
Let h(x) = -5 - 3 - 2*x + x**3 - 1 + 3 + 5*x**2. Give h(-5).
4
Let f(t) = 3*t - 8. Let b(v) = -16*v + 41. Suppose j + 3 = 1. Let i(q) = j*b(q) - 11*f(q). Let c be i(3). Let r(a) = a**3 - 5*a**2 + 3*a - 2. Give r(c).
-11
Let u(a) be the first derivative of -a + 1/2*a**2 + 4. Suppose 3*q - 2*q = 0. What is u(q)?
-1
Let n = 6 + -12. Let f(i) = 3*i + 8. Let t be f(n). Let s be (-2)/(-5) + (-26)/t. Let r(q) = -q**3 + 2*q**2 + 5*q - 4. Determine r(s).
2
Let x(b) be the third derivative of 1/24*b**4 + 0*b + 0*b**3 - 1/60*b**5 + 2*b**2 + 0 - 1/180*b**6. Let h(a) be the second derivative of x(a). Determine h(-3).
10
Let x(c) be the first derivative of -c**3/3 - c**2/2 + c + 6. Calculate x(1).
-1
Let a(m) = m**2 - 5*m - 2. Let t be (9 + -3)/(-1 - -2). Determine a(t).
4
Let t(i) = -5*i + 7. Let m(h) = 0 - 1 + 0. Let n(k) = -6*m(k) - t(k). Let f = 2 + -1. Give n(f).
4
Let n = -11 - -7. Let p(c) be the second derivative of -1/20*c**5 - 1/3*c**4 + 2*c + 0 + 0*c**3 + 1/2*c**2. Determine p(n).
1
Suppose 4*t = 20, -x = -4*x - 2*t + 16. Let h be (-1 + -4)*4/10. Let j = h + x. Let y(r) = r - 9. Determine y(j).
-9
Let b(z) = -z - 19 + 20 + 15*z. Give b(-1).
-13
Let v be (4/2)/((-6)/(-7 + 4)). Let f(j) = -3*j**2 + j. Give f(v).
-2
Suppose -3*q = 3*r + 3, -q - 1 = 2*r + 2. Suppose 20 = 4*g, a + 3 = g + q. Let v(c) = 2*c - 1. What is v(a)?
5
Let r = 45 + -25. Suppose 4 = -4*u + r. Let o(h) = -h**3 + 4*h**2 + 2*h. Calculate o(u).
8
Let v(y) be the third derivative of -y**4/8 + y**2 - 26. Let p(f) = f**3 - 5*f**2 - 6*f - 2. Let z be